[INFO] cloning repository https://github.com/fernandobatels/blitz-money
[INFO] running `Command { std: "git" "-c" "credential.helper=" "-c" "credential.helper=/workspace/cargo-home/bin/git-credential-null" "clone" "--bare" "https://github.com/fernandobatels/blitz-money" "/workspace/cache/git-repos/https%3A%2F%2Fgithub.com%2Ffernandobatels%2Fblitz-money", kill_on_drop: false }`
[INFO] [stderr] Cloning into bare repository '/workspace/cache/git-repos/https%3A%2F%2Fgithub.com%2Ffernandobatels%2Fblitz-money'...
[INFO] running `Command { std: "git" "rev-parse" "HEAD", kill_on_drop: false }`
[INFO] [stdout] bd11e87a82320c4c0e2db67c8f521e2f2a67bd34
[INFO] checking fernandobatels/blitz-money against master#af3c6e733a40e671550e0f0f5aeecaa13772ba56 for pr-74989
[INFO] running `Command { std: "git" "clone" "/workspace/cache/git-repos/https%3A%2F%2Fgithub.com%2Ffernandobatels%2Fblitz-money" "/workspace/builds/worker-4/source", kill_on_drop: false }`
[INFO] [stderr] Cloning into '/workspace/builds/worker-4/source'...
[INFO] [stderr] done.
[INFO] validating manifest of git repo https://github.com/fernandobatels/blitz-money on toolchain af3c6e733a40e671550e0f0f5aeecaa13772ba56
[INFO] running `Command { std: "/workspace/cargo-home/bin/cargo" "+af3c6e733a40e671550e0f0f5aeecaa13772ba56" "read-manifest" "--manifest-path" "Cargo.toml", kill_on_drop: false }`
[INFO] started tweaking git repo https://github.com/fernandobatels/blitz-money
[INFO] finished tweaking git repo https://github.com/fernandobatels/blitz-money
[INFO] tweaked toml for git repo https://github.com/fernandobatels/blitz-money written to /workspace/builds/worker-4/source/Cargo.toml
[INFO] running `Command { std: "/workspace/cargo-home/bin/cargo" "+af3c6e733a40e671550e0f0f5aeecaa13772ba56" "generate-lockfile" "--manifest-path" "Cargo.toml" "-Zno-index-update", kill_on_drop: false }`
[INFO] [stderr]     Blocking waiting for file lock on package cache
[INFO] [stderr]     Updating git repository `https://github.com/fernandobatels/icalendar-rs`
[INFO] running `Command { std: "/workspace/cargo-home/bin/cargo" "+af3c6e733a40e671550e0f0f5aeecaa13772ba56" "fetch" "--locked" "--manifest-path" "Cargo.toml", kill_on_drop: false }`
[INFO] [stderr]     Blocking waiting for file lock on package cache
[INFO] running `Command { std: "docker" "create" "-v" "/var/lib/crater-agent-workspace/builds/worker-4/target:/opt/rustwide/target:rw,Z" "-v" "/var/lib/crater-agent-workspace/builds/worker-4/source:/opt/rustwide/workdir:ro,Z" "-v" "/var/lib/crater-agent-workspace/cargo-home:/opt/rustwide/cargo-home:ro,Z" "-v" "/var/lib/crater-agent-workspace/rustup-home:/opt/rustwide/rustup-home:ro,Z" "-e" "SOURCE_DIR=/opt/rustwide/workdir" "-e" "CARGO_TARGET_DIR=/opt/rustwide/target" "-e" "CARGO_HOME=/opt/rustwide/cargo-home" "-e" "RUSTUP_HOME=/opt/rustwide/rustup-home" "-w" "/opt/rustwide/workdir" "-m" "1610612736" "--user" "0:0" "--network" "none" "rustops/crates-build-env@sha256:d92eaeed33fa75130ca1ee6c8a01d1ffb62bac859dfdfb3450e3e5d1c0146529" "/opt/rustwide/cargo-home/bin/cargo" "+af3c6e733a40e671550e0f0f5aeecaa13772ba56" "metadata" "--no-deps" "--format-version=1", kill_on_drop: false }`
[INFO] [stdout] 2b48225446dbf6ae98bb4aec55fbb58c25e382194f39ecaf47ca4b68dfed76f6
[INFO] [stderr] WARNING: Your kernel does not support swap limit capabilities or the cgroup is not mounted. Memory limited without swap.
[INFO] running `Command { std: "docker" "start" "-a" "2b48225446dbf6ae98bb4aec55fbb58c25e382194f39ecaf47ca4b68dfed76f6", kill_on_drop: false }`
[INFO] running `Command { std: "docker" "inspect" "2b48225446dbf6ae98bb4aec55fbb58c25e382194f39ecaf47ca4b68dfed76f6", kill_on_drop: false }`
[INFO] running `Command { std: "docker" "rm" "-f" "2b48225446dbf6ae98bb4aec55fbb58c25e382194f39ecaf47ca4b68dfed76f6", kill_on_drop: false }`
[INFO] [stdout] 2b48225446dbf6ae98bb4aec55fbb58c25e382194f39ecaf47ca4b68dfed76f6
[INFO] running `Command { std: "docker" "create" "-v" "/var/lib/crater-agent-workspace/builds/worker-4/target:/opt/rustwide/target:rw,Z" "-v" "/var/lib/crater-agent-workspace/builds/worker-4/source:/opt/rustwide/workdir:ro,Z" "-v" "/var/lib/crater-agent-workspace/cargo-home:/opt/rustwide/cargo-home:ro,Z" "-v" "/var/lib/crater-agent-workspace/rustup-home:/opt/rustwide/rustup-home:ro,Z" "-e" "SOURCE_DIR=/opt/rustwide/workdir" "-e" "CARGO_TARGET_DIR=/opt/rustwide/target" "-e" "CARGO_INCREMENTAL=0" "-e" "RUST_BACKTRACE=full" "-e" "RUSTFLAGS=--cap-lints=forbid" "-e" "CARGO_HOME=/opt/rustwide/cargo-home" "-e" "RUSTUP_HOME=/opt/rustwide/rustup-home" "-w" "/opt/rustwide/workdir" "-m" "1610612736" "--user" "0:0" "--network" "none" "rustops/crates-build-env@sha256:d92eaeed33fa75130ca1ee6c8a01d1ffb62bac859dfdfb3450e3e5d1c0146529" "/opt/rustwide/cargo-home/bin/cargo" "+af3c6e733a40e671550e0f0f5aeecaa13772ba56" "check" "--frozen" "--all" "--all-targets" "--message-format=json", kill_on_drop: false }`
[INFO] [stdout] 16db48327f9c4668ce566d7f6f946f72333bde6a5401278e45794269364de3e3
[INFO] [stderr] WARNING: Your kernel does not support swap limit capabilities or the cgroup is not mounted. Memory limited without swap.
[INFO] running `Command { std: "docker" "start" "-a" "16db48327f9c4668ce566d7f6f946f72333bde6a5401278e45794269364de3e3", kill_on_drop: false }`
[INFO] [stderr]    Compiling libc v0.2.77
[INFO] [stderr]     Checking rand_core v0.4.2
[INFO] [stderr]    Compiling autocfg v0.1.7
[INFO] [stderr]    Compiling memchr v2.3.3
[INFO] [stderr]    Compiling autocfg v1.0.1
[INFO] [stderr]    Compiling byteorder v1.3.4
[INFO] [stderr]     Checking lazy_static v1.4.0
[INFO] [stderr]    Compiling serde v1.0.116
[INFO] [stderr]    Compiling ryu v1.0.5
[INFO] [stderr]    Compiling proc-macro2 v1.0.21
[INFO] [stderr]     Checking itoa v0.4.6
[INFO] [stderr]     Checking unicode-xid v0.2.1
[INFO] [stderr]     Checking predicates-core v1.0.0
[INFO] [stderr]    Compiling doc-comment v0.3.3
[INFO] [stderr]    Compiling serde_json v1.0.57
[INFO] [stderr]    Compiling syn v1.0.40
[INFO] [stderr]     Checking treeline v0.1.0
[INFO] [stderr]     Checking regex-syntax v0.6.18
[INFO] [stderr]     Checking concat-with v0.2.5
[INFO] [stderr]     Checking encode_unicode v0.3.6
[INFO] [stderr]     Checking xml-rs v0.8.3
[INFO] [stderr]     Checking unicode-width v0.1.8
[INFO] [stderr]     Checking json v0.12.4
[INFO] [stderr]     Checking thread_local v1.0.1
[INFO] [stderr]     Checking rand_core v0.3.1
[INFO] [stderr]     Checking rand_jitter v0.1.4
[INFO] [stderr]     Checking predicates-tree v1.0.0
[INFO] [stderr]     Checking predicates v1.0.5
[INFO] [stderr]     Checking slash-formatter v3.0.3
[INFO] [stderr]     Checking rand_isaac v0.1.1
[INFO] [stderr]     Checking rand_xorshift v0.1.1
[INFO] [stderr]     Checking rand_hc v0.1.0
[INFO] [stderr]    Compiling rand_chacha v0.1.1
[INFO] [stderr]    Compiling rand_pcg v0.1.2
[INFO] [stderr]    Compiling rand v0.6.5
[INFO] [stderr]    Compiling num-traits v0.2.12
[INFO] [stderr]    Compiling num-integer v0.1.43
[INFO] [stderr]     Checking xmltree v0.10.1
[INFO] [stderr]     Checking aho-corasick v0.7.13
[INFO] [stderr]     Checking csv-core v0.1.10
[INFO] [stderr]     Checking quote v1.0.7
[INFO] [stderr]     Checking regex-automata v0.1.9
[INFO] [stderr]     Checking rand v0.4.6
[INFO] [stderr]     Checking rand_os v0.1.3
[INFO] [stderr]     Checking time v0.1.44
[INFO] [stderr]     Checking dirs v1.0.5
[INFO] [stderr]     Checking atty v0.2.14
[INFO] [stderr]     Checking dirs-sys v0.3.5
[INFO] [stderr]     Checking wait-timeout v0.2.0
[INFO] [stderr]     Checking term v0.5.2
[INFO] [stderr]     Checking assert_cmd v1.0.1
[INFO] [stderr]     Checking dirs v3.0.1
[INFO] [stderr]     Checking rand v0.3.23
[INFO] [stderr]     Checking uuid v0.5.1
[INFO] [stderr]     Checking chrono v0.4.15
[INFO] [stderr]     Checking uuid v0.7.4
[INFO] [stderr]     Checking regex v1.3.9
[INFO] [stderr]     Checking icalendar v0.3.1 (https://github.com/fernandobatels/icalendar-rs#01ae766a)
[INFO] [stderr]     Checking lazy-static-include v3.0.5
[INFO] [stderr]     Checking bstr v0.2.13
[INFO] [stderr]     Checking csv v1.1.3
[INFO] [stderr]     Checking json-gettext v3.2.8
[INFO] [stderr]     Checking prettytable-rs v0.8.0
[INFO] [stderr]     Checking bmoney v0.1.3 (/opt/rustwide/workdir)
[INFO] [stdout] warning: unused `#[macro_use]` import
[INFO] [stdout]   --> src/main.rs:22:1
[INFO] [stdout]    |
[INFO] [stdout] 22 | #[macro_use]
[INFO] [stdout]    | ^^^^^^^^^^^^
[INFO] [stdout]    |
[INFO] [stdout]    = note: `#[warn(unused_imports)]` on by default
[INFO] [stdout] 
[INFO] [stdout] 
[INFO] [stdout] warning: unused `#[macro_use]` import
[INFO] [stdout]   --> src/main.rs:22:1
[INFO] [stdout]    |
[INFO] [stdout] 22 | #[macro_use]
[INFO] [stdout]    | ^^^^^^^^^^^^
[INFO] [stdout]    |
[INFO] [stdout]    = note: `#[warn(unused_imports)]` on by default
[INFO] [stdout] 
[INFO] [stdout] 
[INFO] [stdout] error[E0609]: no field `name` on type `XMLNode`
[INFO] [stdout]   --> src/backend/import_ofx.rs:63:19
[INFO] [stdout]    |
[INFO] [stdout] 63 |             if tr.name == "STMTTRN".to_string() {
[INFO] [stdout]    |                   ^^^^
[INFO] [stdout] 
[INFO] [stdout] 
[INFO] [stdout] error[E0599]: no method named `get_child` found for enum `XMLNode` in the current scope
[INFO] [stdout]   --> src/backend/import_ofx.rs:65:35
[INFO] [stdout]    |
[INFO] [stdout] 65 |                 let dtposted = tr.get_child("DTPOSTED")
[INFO] [stdout]    |                                   ^^^^^^^^^ method not found in `XMLNode`
[INFO] [stdout] 
[INFO] [stdout] 
[INFO] [stdout] error[E0599]: no method named `get_child` found for enum `XMLNode` in the current scope
[INFO] [stdout]   --> src/backend/import_ofx.rs:69:33
[INFO] [stdout]    |
[INFO] [stdout] 69 |                 let trnamt = tr.get_child("TRNAMT")
[INFO] [stdout]    |                                 ^^^^^^^^^ method not found in `XMLNode`
[INFO] [stdout] 
[INFO] [stdout] 
[INFO] [stdout] error[E0599]: no method named `get_child` found for enum `XMLNode` in the current scope
[INFO] [stdout]   --> src/backend/import_ofx.rs:73:32
[INFO] [stdout]    |
[INFO] [stdout] 73 |                 let fitid = tr.get_child("FITID")
[INFO] [stdout]    |                                ^^^^^^^^^ method not found in `XMLNode`
[INFO] [stdout] 
[INFO] [stdout] 
[INFO] [stdout] error[E0599]: no method named `get_child` found for enum `XMLNode` in the current scope
[INFO] [stdout]   --> src/backend/import_ofx.rs:77:31
[INFO] [stdout]    |
[INFO] [stdout] 77 |                 let memo = tr.get_child("MEMO")
[INFO] [stdout]    |                               ^^^^^^^^^ method not found in `XMLNode`
[INFO] [stdout] 
[INFO] [stdout] 
[INFO] [stdout] warning: use of deprecated associated function `std::error::Error::description`: use the Display impl or to_string()
[INFO] [stdout]   --> src/backend/storage.rs:69:83
[INFO] [stdout]    |
[INFO] [stdout] 69 |                 Err(e) => panic!("Couldn't create/open the storage file at {}", e.description()),
[INFO] [stdout]    |                                                                                   ^^^^^^^^^^^
[INFO] [stdout]    |
[INFO] [stdout]    = note: `#[warn(deprecated)]` on by default
[INFO] [stdout] 
[INFO] [stdout] 
[INFO] [stdout] warning: use of deprecated associated function `std::error::Error::description`: use the Display impl or to_string()
[INFO] [stdout]    --> src/backend/storage.rs:294:70
[INFO] [stdout]     |
[INFO] [stdout] 294 |                     Err(e) => panic!("Couldn't parse the row: {}", e.description())
[INFO] [stdout]     |                                                                      ^^^^^^^^^^^
[INFO] [stdout] 
[INFO] [stdout] 
[INFO] [stdout] error: aborting due to 5 previous errors; 3 warnings emitted
[INFO] [stdout] 
[INFO] [stdout] 
[INFO] [stdout] Some errors have detailed explanations: E0599, E0609.
[INFO] [stdout] 
[INFO] [stdout] For more information about an error, try `rustc --explain E0599`.
[INFO] [stdout] 
[INFO] [stderr] error: could not compile `bmoney`.
[INFO] [stderr] 
[INFO] [stderr] To learn more, run the command again with --verbose.
[INFO] [stderr] warning: build failed, waiting for other jobs to finish...
[INFO] [stdout] error[E0609]: no field `name` on type `XMLNode`
[INFO] [stdout]   --> src/backend/import_ofx.rs:63:19
[INFO] [stdout]    |
[INFO] [stdout] 63 |             if tr.name == "STMTTRN".to_string() {
[INFO] [stdout]    |                   ^^^^
[INFO] [stdout] 
[INFO] [stdout] 
[INFO] [stdout] error[E0599]: no method named `get_child` found for enum `XMLNode` in the current scope
[INFO] [stdout]   --> src/backend/import_ofx.rs:65:35
[INFO] [stdout]    |
[INFO] [stdout] 65 |                 let dtposted = tr.get_child("DTPOSTED")
[INFO] [stdout]    |                                   ^^^^^^^^^ method not found in `XMLNode`
[INFO] [stdout] 
[INFO] [stdout] 
[INFO] [stdout] error[E0599]: no method named `get_child` found for enum `XMLNode` in the current scope
[INFO] [stdout]   --> src/backend/import_ofx.rs:69:33
[INFO] [stdout]    |
[INFO] [stdout] 69 |                 let trnamt = tr.get_child("TRNAMT")
[INFO] [stdout]    |                                 ^^^^^^^^^ method not found in `XMLNode`
[INFO] [stdout] 
[INFO] [stdout] 
[INFO] [stdout] error[E0599]: no method named `get_child` found for enum `XMLNode` in the current scope
[INFO] [stdout]   --> src/backend/import_ofx.rs:73:32
[INFO] [stdout]    |
[INFO] [stdout] 73 |                 let fitid = tr.get_child("FITID")
[INFO] [stdout]    |                                ^^^^^^^^^ method not found in `XMLNode`
[INFO] [stdout] 
[INFO] [stdout] 
[INFO] [stdout] error[E0599]: no method named `get_child` found for enum `XMLNode` in the current scope
[INFO] [stdout]   --> src/backend/import_ofx.rs:77:31
[INFO] [stdout]    |
[INFO] [stdout] 77 |                 let memo = tr.get_child("MEMO")
[INFO] [stdout]    |                               ^^^^^^^^^ method not found in `XMLNode`
[INFO] [stdout] 
[INFO] [stdout] 
[INFO] [stdout] warning: use of deprecated associated function `std::error::Error::description`: use the Display impl or to_string()
[INFO] [stdout]   --> src/backend/storage.rs:69:83
[INFO] [stdout]    |
[INFO] [stdout] 69 |                 Err(e) => panic!("Couldn't create/open the storage file at {}", e.description()),
[INFO] [stdout]    |                                                                                   ^^^^^^^^^^^
[INFO] [stdout]    |
[INFO] [stdout]    = note: `#[warn(deprecated)]` on by default
[INFO] [stdout] 
[INFO] [stdout] 
[INFO] [stdout] warning: use of deprecated associated function `std::error::Error::description`: use the Display impl or to_string()
[INFO] [stdout]    --> src/backend/storage.rs:294:70
[INFO] [stdout]     |
[INFO] [stdout] 294 |                     Err(e) => panic!("Couldn't parse the row: {}", e.description())
[INFO] [stdout]     |                                                                      ^^^^^^^^^^^
[INFO] [stdout] 
[INFO] [stdout] 
[INFO] [stdout] error: aborting due to 5 previous errors; 3 warnings emitted
[INFO] [stdout] 
[INFO] [stdout] 
[INFO] [stdout] Some errors have detailed explanations: E0599, E0609.
[INFO] [stdout] 
[INFO] [stdout] For more information about an error, try `rustc --explain E0599`.
[INFO] [stdout] 
[INFO] [stderr] error: build failed
[INFO] running `Command { std: "docker" "inspect" "16db48327f9c4668ce566d7f6f946f72333bde6a5401278e45794269364de3e3", kill_on_drop: false }`
[INFO] running `Command { std: "docker" "rm" "-f" "16db48327f9c4668ce566d7f6f946f72333bde6a5401278e45794269364de3e3", kill_on_drop: false }`
[INFO] [stdout] 16db48327f9c4668ce566d7f6f946f72333bde6a5401278e45794269364de3e3
